[INFO] cloning repository https://github.com/leifwalsh/tea
[INFO] running `Command { std: "git" "-c" "credential.helper=" "-c" "credential.helper=/workspace/cargo-home/bin/git-credential-null" "clone" "--bare" "https://github.com/leifwalsh/tea" "/workspace/cache/git-repos/https%3A%2F%2Fgithub.com%2Fleifwalsh%2Ftea", kill_on_drop: false }`
[INFO] [stderr] Cloning into bare repository '/workspace/cache/git-repos/https%3A%2F%2Fgithub.com%2Fleifwalsh%2Ftea'...
[INFO] running `Command { std: "git" "rev-parse" "HEAD", kill_on_drop: false }`
[INFO] [stdout] f08b62a5f1c7d0e82d5b3e1984f2319b96044589
[INFO] building leifwalsh/tea against master#881c1ac408d93bb7adaa3a51dabab9266e82eee8 for issue-85264
[INFO] running `Command { std: "git" "clone" "/workspace/cache/git-repos/https%3A%2F%2Fgithub.com%2Fleifwalsh%2Ftea" "/workspace/builds/worker-1/source", kill_on_drop: false }`
[INFO] [stderr] Cloning into '/workspace/builds/worker-1/source'...
[INFO] [stderr] done.
[INFO] validating manifest of git repo https://github.com/leifwalsh/tea on toolchain 881c1ac408d93bb7adaa3a51dabab9266e82eee8
[INFO] running `Command { std: "/workspace/cargo-home/bin/cargo" "+881c1ac408d93bb7adaa3a51dabab9266e82eee8" "metadata" "--manifest-path" "Cargo.toml" "--no-deps", kill_on_drop: false }`
[INFO] started tweaking git repo https://github.com/leifwalsh/tea
[INFO] finished tweaking git repo https://github.com/leifwalsh/tea
[INFO] tweaked toml for git repo https://github.com/leifwalsh/tea written to /workspace/builds/worker-1/source/Cargo.toml
[INFO] crate git repo https://github.com/leifwalsh/tea already has a lockfile, it will not be regenerated
[INFO] running `Command { std: "/workspace/cargo-home/bin/cargo" "+881c1ac408d93bb7adaa3a51dabab9266e82eee8" "fetch" "--manifest-path" "Cargo.toml", kill_on_drop: false }`
[INFO] [stderr]     Blocking waiting for file lock on package cache
[INFO] running `Command { std: "docker" "create" "-v" "/var/lib/crater-agent-workspace/builds/worker-1/target:/opt/rustwide/target:rw,Z" "-v" "/var/lib/crater-agent-workspace/builds/worker-1/source:/opt/rustwide/workdir:ro,Z" "-v" "/var/lib/crater-agent-workspace/cargo-home:/opt/rustwide/cargo-home:ro,Z" "-v" "/var/lib/crater-agent-workspace/rustup-home:/opt/rustwide/rustup-home:ro,Z" "-e" "SOURCE_DIR=/opt/rustwide/workdir" "-e" "CARGO_TARGET_DIR=/opt/rustwide/target" "-e" "CARGO_HOME=/opt/rustwide/cargo-home" "-e" "RUSTUP_HOME=/opt/rustwide/rustup-home" "-w" "/opt/rustwide/workdir" "-m" "1610612736" "--user" "0:0" "--network" "none" "ghcr.io/rust-lang/crates-build-env/linux@sha256:20528e8c29e4536546f0102ce88568b16ea7538393a33fcca951030f7af10457" "/opt/rustwide/cargo-home/bin/cargo" "+881c1ac408d93bb7adaa3a51dabab9266e82eee8" "metadata" "--no-deps" "--format-version=1", kill_on_drop: false }`
[INFO] [stdout] 5b277dbc7e751cbbb89f43c2624cd5593edca97b6cccf2d4acb6fd22ba7f5b4d
[INFO] [stderr] WARNING: Your kernel does not support swap limit capabilities or the cgroup is not mounted. Memory limited without swap.
[INFO] running `Command { std: "docker" "start" "-a" "5b277dbc7e751cbbb89f43c2624cd5593edca97b6cccf2d4acb6fd22ba7f5b4d", kill_on_drop: false }`
[INFO] running `Command { std: "docker" "inspect" "5b277dbc7e751cbbb89f43c2624cd5593edca97b6cccf2d4acb6fd22ba7f5b4d", kill_on_drop: false }`
[INFO] running `Command { std: "docker" "rm" "-f" "5b277dbc7e751cbbb89f43c2624cd5593edca97b6cccf2d4acb6fd22ba7f5b4d", kill_on_drop: false }`
[INFO] [stdout] 5b277dbc7e751cbbb89f43c2624cd5593edca97b6cccf2d4acb6fd22ba7f5b4d
[INFO] running `Command { std: "docker" "create" "-v" "/var/lib/crater-agent-workspace/builds/worker-1/target:/opt/rustwide/target:rw,Z" "-v" "/var/lib/crater-agent-workspace/builds/worker-1/source:/opt/rustwide/workdir:ro,Z" "-v" "/var/lib/crater-agent-workspace/cargo-home:/opt/rustwide/cargo-home:ro,Z" "-v" "/var/lib/crater-agent-workspace/rustup-home:/opt/rustwide/rustup-home:ro,Z" "-e" "SOURCE_DIR=/opt/rustwide/workdir" "-e" "CARGO_TARGET_DIR=/opt/rustwide/target" "-e" "CARGO_INCREMENTAL=0" "-e" "RUST_BACKTRACE=full" "-e" "RUSTFLAGS=--cap-lints=forbid" "-e" "CARGO_HOME=/opt/rustwide/cargo-home" "-e" "RUSTUP_HOME=/opt/rustwide/rustup-home" "-w" "/opt/rustwide/workdir" "-m" "1610612736" "--user" "0:0" "--network" "none" "ghcr.io/rust-lang/crates-build-env/linux@sha256:20528e8c29e4536546f0102ce88568b16ea7538393a33fcca951030f7af10457" "/opt/rustwide/cargo-home/bin/cargo" "+881c1ac408d93bb7adaa3a51dabab9266e82eee8" "build" "--frozen" "--message-format=json", kill_on_drop: false }`
[INFO] [stdout] 7bacdaac787ba61a59acc643b2c3ef78f5967999d6e27a0025d9ffa14c231899
[INFO] [stderr] WARNING: Your kernel does not support swap limit capabilities or the cgroup is not mounted. Memory limited without swap.
[INFO] running `Command { std: "docker" "start" "-a" "7bacdaac787ba61a59acc643b2c3ef78f5967999d6e27a0025d9ffa14c231899", kill_on_drop: false }`
[INFO] [stderr]    Compiling tea v0.0.1 (/opt/rustwide/workdir)
[INFO] [stdout] warning: use of deprecated macro `try`: use the `?` operator instead
[INFO] [stdout]   --> src/io/reader.rs:61:39
[INFO] [stdout]    |
[INFO] [stdout] 61 |                 let encrypted_bytes = try!(self.source.fill_buf());
[INFO] [stdout]    |                                       ^^^
[INFO] [stdout]    |
[INFO] [stdout]    = note: `#[warn(deprecated)]` on by default
[INFO] [stdout] 
[INFO] [stdout] 
[INFO] [stdout] warning: use of deprecated macro `try`: use the `?` operator instead
[INFO] [stdout]   --> src/io/writer.rs:59:13
[INFO] [stdout]    |
[INFO] [stdout] 59 |         if !try!(self.flush_enc_buf()) {
[INFO] [stdout]    |             ^^^
[INFO] [stdout] 
[INFO] [stdout] 
[INFO] [stdout] warning: use of deprecated macro `try`: use the `?` operator instead
[INFO] [stdout]   --> src/io/writer.rs:67:23
[INFO] [stdout]    |
[INFO] [stdout] 67 |         let written = try!(self.sink.write(encrypt_chunk(&self.key, &mut self.prev, &self.buf)));
[INFO] [stdout]    |                       ^^^
[INFO] [stdout] 
[INFO] [stdout] 
[INFO] [stdout] warning: use of deprecated macro `try`: use the `?` operator instead
[INFO] [stdout]   --> src/io/writer.rs:73:9
[INFO] [stdout]    |
[INFO] [stdout] 73 |         try!(self.sink.flush());
[INFO] [stdout]    |         ^^^
[INFO] [stdout] 
[INFO] [stdout] 
[INFO] [stdout] warning: use of deprecated macro `try`: use the `?` operator instead
[INFO] [stdout]   --> src/io/writer.rs:81:17
[INFO] [stdout]    |
[INFO] [stdout] 81 |         let n = try!(self.sink.write(&self.enc_buf));
[INFO] [stdout]    |                 ^^^
[INFO] [stdout] 
[INFO] [stdout] 
[INFO] [stdout] warning: use of deprecated macro `try`: use the `?` operator instead
[INFO] [stdout]    --> src/io/writer.rs:101:17
[INFO] [stdout]     |
[INFO] [stdout] 101 |             if !try!(self.flush_enc_buf()) {
[INFO] [stdout]     |                 ^^^
[INFO] [stdout] 
[INFO] [stdout] 
[INFO] [stdout] warning: use of deprecated macro `try`: use the `?` operator instead
[INFO] [stdout]    --> src/io/writer.rs:125:17
[INFO] [stdout]     |
[INFO] [stdout] 125 |             if !try!(self.flush_enc_buf()) {
[INFO] [stdout]     |                 ^^^
[INFO] [stdout] 
[INFO] [stdout] 
[INFO] [stdout] warning: use of deprecated macro `try`: use the `?` operator instead
[INFO] [stdout]    --> src/io/writer.rs:140:17
[INFO] [stdout]     |
[INFO] [stdout] 140 |             if !try!(self.flush_enc_buf()) {
[INFO] [stdout]     |                 ^^^
[INFO] [stdout] 
[INFO] [stdout] 
[INFO] [stdout] warning: use of deprecated macro `try`: use the `?` operator instead
[INFO] [stdout]    --> src/io/writer.rs:154:9
[INFO] [stdout]     |
[INFO] [stdout] 154 |         try!(self.flush_enc_buf());
[INFO] [stdout]     |         ^^^
[INFO] [stdout] 
[INFO] [stdout] 
[INFO] [stdout] error[E0689]: can't call method `wrapping_mul` on ambiguous numeric type `{integer}`
[INFO] [stdout]   --> src/cipher.rs:45:25
[INFO] [stdout]    |
[INFO] [stdout] 45 |     let mut sum = delta.wrapping_mul(NUM_ROUNDS);
[INFO] [stdout]    |                         ^^^^^^^^^^^^
[INFO] [stdout]    |
[INFO] [stdout] help: you must specify a type for this binding, like `i32`
[INFO] [stdout]    |
[INFO] [stdout] 44 |     let delta: i32 = 0x9E3779B9;
[INFO] [stdout]    |         ^^^^^^^^^^
[INFO] [stdout] 
[INFO] [stdout] 
[INFO] [stdout] error[E0277]: cannot add-assign `()` to `usize`
[INFO] [stdout]   --> src/io/reader.rs:75:33
[INFO] [stdout]    |
[INFO] [stdout] 75 | ...                   pos += n2;
[INFO] [stdout]    |                           ^^ no implementation for `usize += ()`
[INFO] [stdout]    |
[INFO] [stdout]    = help: the trait `AddAssign<()>` is not implemented for `usize`
[INFO] [stdout] 
[INFO] [stdout] 
[INFO] [stdout] error[E0308]: mismatched types
[INFO] [stdout]   --> src/io/reader.rs:78:33
[INFO] [stdout]    |
[INFO] [stdout] 78 |                         if n == real_bytes {
[INFO] [stdout]    |                                 ^^^^^^^^^^ expected `()`, found `usize`
[INFO] [stdout] 
[INFO] [stdout] 
[INFO] [stdout] error[E0308]: mismatched types
[INFO] [stdout]   --> src/io/reader.rs:81:59
[INFO] [stdout]    |
[INFO] [stdout] 81 | ...                   self.buf = self.buf.split_off(n);
[INFO] [stdout]    |                                                     ^ expected `usize`, found `()`
[INFO] [stdout] 
[INFO] [stdout] 
[INFO] [stdout] error[E0277]: cannot add-assign `()` to `usize`
[INFO] [stdout]   --> src/io/reader.rs:91:29
[INFO] [stdout]    |
[INFO] [stdout] 91 |                         pos += n;
[INFO] [stdout]    |                             ^^ no implementation for `usize += ()`
[INFO] [stdout]    |
[INFO] [stdout]    = help: the trait `AddAssign<()>` is not implemented for `usize`
[INFO] [stdout] 
[INFO] [stdout] 
[INFO] [stdout] error[E0308]: mismatched types
[INFO] [stdout]   --> src/io/reader.rs:92:33
[INFO] [stdout]    |
[INFO] [stdout] 92 |                         if n == self.buf.len() {
[INFO] [stdout]    |                                 ^^^^^^^^^^^^^^ expected `()`, found `usize`
[INFO] [stdout] 
[INFO] [stdout] 
[INFO] [stdout] error[E0308]: mismatched types
[INFO] [stdout]   --> src/io/reader.rs:95:59
[INFO] [stdout]    |
[INFO] [stdout] 95 | ...                   self.buf = self.buf.split_off(n);
[INFO] [stdout]    |                                                     ^ expected `usize`, found `()`
[INFO] [stdout] 
[INFO] [stdout] 
[INFO] [stdout] error[E0599]: no method named `push_all` found for struct `Vec<u8>` in the current scope
[INFO] [stdout]    --> src/io/reader.rs:100:30
[INFO] [stdout]     |
[INFO] [stdout] 100 |                     self.buf.push_all(&decrypt_chunk(&self.key, &mut self.prev, &encrypted_bytes[0..8]));
[INFO] [stdout]     |                              ^^^^^^^^ method not found in `Vec<u8>`
[INFO] [stdout] 
[INFO] [stdout] 
[INFO] [stdout] error[E0061]: this function takes 2 arguments but 3 arguments were supplied
[INFO] [stdout]    --> src/io/writer.rs:60:24
[INFO] [stdout]     |
[INFO] [stdout] 60  | ...rn Err(io::Error::new(io::ErrorKind::Other, "couldn't flush encrypted bytes to sink",
[INFO] [stdout]     |           ^^^^^^^^^^^^^^ --------------------  ----------------------------------------
[INFO] [stdout]     |           |
[INFO] [stdout]     |           expected 2 arguments
[INFO] [stdout] 61  | ...                      Some(format!("sink couldn't write the last {} bytes that were already encoded", self.enc_buf.len()))));
[INFO] [stdout]     |                          ---------------------------------------------------------------------------------------------------- supplied 3 arguments
[INFO] [stdout]     |
[INFO] [stdout] note: associated function defined here
[INFO] [stdout] 
[INFO] [stdout] 
[INFO] [stdout] error[E0061]: this function takes 2 arguments but 3 arguments were supplied
[INFO] [stdout]    --> src/io/writer.rs:69:24
[INFO] [stdout]     |
[INFO] [stdout] 69  |             return Err(io::Error::new(io::ErrorKind::Other, "couldn't write final 8 bytes to sink",
[INFO] [stdout]     |                        ^^^^^^^^^^^^^^ --------------------  --------------------------------------
[INFO] [stdout]     |                        |
[INFO] [stdout]     |                        expected 2 arguments
[INFO] [stdout] 70  |                                       Some(format!("sink only accepted {} bytes, can't close this writer", written))));
[INFO] [stdout]     |                                       ------------------------------------------------------------------------------ supplied 3 arguments
[INFO] [stdout]     |
[INFO] [stdout] note: associated function defined here
[INFO] [stdout] 
[INFO] [stdout] 
[INFO] [stdout] error[E0599]: no method named `push_all` found for struct `Vec<u8>` in the current scope
[INFO] [stdout]    --> src/io/writer.rs:115:26
[INFO] [stdout]     |
[INFO] [stdout] 115 |                 self.buf.push_all(buf);
[INFO] [stdout]     |                          ^^^^^^^^ method not found in `Vec<u8>`
[INFO] [stdout] 
[INFO] [stdout] 
[INFO] [stdout] error[E0599]: no method named `push_all` found for struct `Vec<u8>` in the current scope
[INFO] [stdout]    --> src/io/writer.rs:119:22
[INFO] [stdout]     |
[INFO] [stdout] 119 |             self.buf.push_all(&buf[..remaining]);
[INFO] [stdout]     |                      ^^^^^^^^ method not found in `Vec<u8>`
[INFO] [stdout] 
[INFO] [stdout] 
[INFO] [stdout] error[E0599]: no method named `push_all` found for struct `Vec<u8>` in the current scope
[INFO] [stdout]    --> src/io/writer.rs:122:26
[INFO] [stdout]     |
[INFO] [stdout] 122 |             self.enc_buf.push_all(encrypt_chunk(&self.key, &mut self.prev, &self.buf));
[INFO] [stdout]     |                          ^^^^^^^^ method not found in `Vec<u8>`
[INFO] [stdout] 
[INFO] [stdout] 
[INFO] [stdout] error[E0599]: no method named `push_all` found for struct `Vec<u8>` in the current scope
[INFO] [stdout]    --> src/io/writer.rs:132:26
[INFO] [stdout]     |
[INFO] [stdout] 132 |                 self.buf.push_all(chunk);
[INFO] [stdout]     |                          ^^^^^^^^ method not found in `Vec<u8>`
[INFO] [stdout] 
[INFO] [stdout] 
[INFO] [stdout] error[E0599]: no method named `push_all` found for struct `Vec<u8>` in the current scope
[INFO] [stdout]    --> src/io/writer.rs:137:26
[INFO] [stdout]     |
[INFO] [stdout] 137 |             self.enc_buf.push_all(encrypt_chunk(&self.key, &mut self.prev, chunk));
[INFO] [stdout]     |                          ^^^^^^^^ method not found in `Vec<u8>`
[INFO] [stdout] 
[INFO] [stdout] 
[INFO] [stdout] error[E0061]: this function takes 2 arguments but 3 arguments were supplied
[INFO] [stdout]    --> src/io/writer.rs:159:17
[INFO] [stdout]     |
[INFO] [stdout] 159 | ... Err(io::Error::new(io::ErrorKind::Other, "can't flush when not on a 64-bit block boundary",
[INFO] [stdout]     |         ^^^^^^^^^^^^^^ --------------------  -------------------------------------------------
[INFO] [stdout]     |         |
[INFO] [stdout]     |         expected 2 arguments
[INFO] [stdout] 160 | ...                    Some(format!("we have {} plaintext bytes that we can't encrypt until a full block is done", self.buf.len()))))
[INFO] [stdout]     |                        ------------------------------------------------------------------------------------------------------------ supplied 3 arguments
[INFO] [stdout]     |
[INFO] [stdout] note: associated function defined here
[INFO] [stdout] 
[INFO] [stdout] 
[INFO] [stdout] error: aborting due to 16 previous errors; 9 warnings emitted
[INFO] [stdout] 
[INFO] [stdout] 
[INFO] [stdout] Some errors have detailed explanations: E0061, E0277, E0308, E0599, E0689.
[INFO] [stdout] 
[INFO] [stdout] For more information about an error, try `rustc --explain E0061`.
[INFO] [stdout] 
[INFO] [stderr] error: could not compile `tea`
[INFO] [stderr] 
[INFO] [stderr] To learn more, run the command again with --verbose.
[INFO] running `Command { std: "docker" "inspect" "7bacdaac787ba61a59acc643b2c3ef78f5967999d6e27a0025d9ffa14c231899", kill_on_drop: false }`
[INFO] running `Command { std: "docker" "rm" "-f" "7bacdaac787ba61a59acc643b2c3ef78f5967999d6e27a0025d9ffa14c231899", kill_on_drop: false }`
[INFO] [stdout] 7bacdaac787ba61a59acc643b2c3ef78f5967999d6e27a0025d9ffa14c231899
